5/(-39) + (-20)/(-3). Suppose 5*k + 285 = a*r + 6*k, -3*r + 3*k = -189. List the prime factors of r.
2, 29
Let n be (-907)/(-5) - (-30)/(-75). Let x = 23 + n. List the prime factors of x.
2, 3, 17
Suppose -5*j + f - 589 = -167, -f = -3*j - 254. Suppose 0 = 2*r - r + 57. Let h = r - j. What are the prime factors of h?
3
Suppose -1083*h - 14240 = -1087*h. What are the prime factors of h?
2, 5, 89
Let i = 100 - -268. What are the prime factors of i?
2, 23
What are the prime factors of (-11)/(66/(-48)) + 1364?
2, 7
Suppose -g + 6*l = 10*l - 1358, 2706 = 2*g + 3*l. What are the prime factors of g?
2, 3, 5
Let o = 29 - 25. Suppose -435 = -5*j - 4*z, o*j + 2*z - 348 = -0*z. List the prime factors of j.
3, 29
Let u = -742 - -1224. List the prime factors of u.
2, 241
Let a(k) be the third derivative of -k**5/60 + k**4/2 + 7*k**3/6 - 2*k**2. Let b = -32 + 43. What are the prime factors of a(b)?
2, 3
Let x be (1 - 7)*(-9)/(-1). Let n = -33 - x. What are the prime factors of n?
3, 7
Suppose 3168 = 18*u - 13*u + 4*k, -4*k - 1256 = -2*u. List the prime factors of u.
2, 79
Suppose 653 + 278 = w + 3*x, -3*w = 4*x - 2788. What are the prime factors of w?
2, 29
Let t be 52 + -2 - 2/(-1). Suppose 6*l - 5*l = t. What are the prime factors of l?
2, 13
Suppose 18*u + 468 = 20*u. List the prime factors of u.
2, 3, 13
Let u(c) = -c - 1. Let b be u(-5). Let y = -10 - b. Let x = 23 + y. List the prime factors of x.
3
Let d be 16/10*40/16. Let a be d/(-6) - 455/(-21). Let l = 2 + a. What are the prime factors of l?
23
Suppose -a + 312 = -l, 0*l + 315 = a - 4*l. Let t = a - 195. What are the prime factors of t?
2, 29
Let a(o) = o**3 + 11*o**2 + 4*o + 26. Let m be a(-11). List the prime factors of (-1668)/m + (-2)/(-6).
3, 31
List the prime factors of (4*9)/((-4)/(-24)).
2, 3
Let t(i) = -3*i**2 - 23*i - 5. Let j(r) = r**2 + 2*r - 1. Let f(g) = 4*j(g) + t(g). Let x be -2*1/2 + 18. List the prime factors of f(x).
5
Suppose 0 = 108*g - 79*g - 348. What are the prime factors of g?
2, 3
Let q(w) = 103*w**2 - w - 2. List the prime factors of q(-1).
2, 3, 17
Let p be 1 - -99 - (11 - (0 + 9)). Suppose -5*u + 1502 + p = 0. List the prime factors of u.
2, 5
What are the prime factors of 13174/35 + 4/(-10)?
2, 47
Let l = 20 + -20. Let i be 1/((-3)/(-6) + l). Suppose r + 8 = i*r. List the prime factors of r.
2
Suppose -8*b = -2 - 14. Suppose 3*p + b - 179 = 0. List the prime factors of p.
59
Let n be 6*(-4)/30*-15. Let l(w) = w**3 - 7*w**2 + n*w + 7*w - 3*w - 7 - 9*w**2. What are the prime factors of l(15)?
2
Suppose -8*x + 7 = -1. Let v(f) = 67*f + 1. List the prime factors of v(x).
2, 17
Let l = -85 + 85. Suppose l = -3*q - 53 + 386. What are the prime factors of q?
3, 37
Let p(b) = -54*b + 4. What are the prime factors of p(-9)?
2, 5, 7
Suppose -p + 2 = -0. What are the prime factors of p + (65 - (-3)/1)?
2, 5, 7
Suppose 5*g = 5*s + 2480, -2*g + 3*s = -984 - 13. List the prime factors of g.
491
Let g be 0 - (593/3 + (-17)/(-51)). Let w = g + 324. What are the prime factors of w?
2, 3, 7
Let d(i) = 19*i + 72. Let m(t) = -9*t**3 - 2*t**2 - 2*t - 1. Let x be m(-1). List the prime factors of d(x).
2, 7
Let x = 609 + -164. What are the prime factors of x?
5, 89
Let x be ((-6 + 12)/6)/(1/4). Suppose -c - 2*r - 420 = -3*c, -x = r. What are the prime factors of c?
2, 103
Suppose 6*i + 5*t + 16 = 3*i, 0 = i - 2*t - 2. Let m = i + 2. Suppose 4*x - x - 33 = m. What are the prime factors of x?
11
Let q(b) = 2*b**2 - 2*b + 26. Suppose -3*t = z - 4, 2*t + 0*t - z = -4. What are the prime factors of q(t)?
2, 13
Let m(j) be the third derivative of j**6/120 + j**5/15 - 7*j**4/24 - 3*j**3/2 - 8*j**2. Let t be m(-6). Let g = -22 - t. List the prime factors of g.
17
Suppose 16*w - 17235 = 6893. What are the prime factors of w?
2, 13, 29
Let i(f) = 7*f**2 + 19. Let d(p) = 2*p**3 + 12*p**2 - 15*p - 1. Let g be d(-7). List the prime factors of i(g).
271
Let y(j) = 2*j**2 + 11*j - 7. Let i be (-2 - 12/(-9))*-27. Suppose i = -5*r + 3*r. List the prime factors of y(r).
2, 7
Suppose 48*w = 2*q + 51*w - 453, 0 = 5*q + 5*w - 1130. List the prime factors of q.
3, 5
Suppose 2*x = -x - v + 3803, -2*x - 3*v = -2540. What are the prime factors of x?
7, 181
List the prime factors of (-39816)/(4 + -18) + 2/2.
5, 569
Let r(q) = -q**2 + 38 - 47 + 6*q + 6*q. Let w = -9 - -18. List the prime factors of r(w).
2, 3
Let u = -1072 - -2000. List the prime factors of u.
2, 29
Let b be 21/(-7) - 3/3. Let j be b/3 - (-276)/18. What are the prime factors of 4/(-6)*(-903)/j?
43
Suppose -8*n + 1541 + 299 = 0. What are the prime factors of n?
2, 5, 23
Suppose 0 = i - 5 + 4. What are the prime factors of (-8 - -7) + 15*i?
2, 7
Suppose 7*b = 4*b + 51. Suppose -b = -5*v + 13. List the prime factors of 176/v*18/12.
2, 11
Let f = 14 - -39. Let k = 14 + f. Let g = k + -17. List the prime factors of g.
2, 5
Let l = -114 + 154. Let u = l + 96. What are the prime factors of u?
2, 17
Let f be (30/12)/((-2)/(-4)). Suppose 3*l = -4*n - 4, -f*l + 4*n + 2 + 2 = 0. Suppose l = -3*j - 4*i + 145, 24 + 27 = j + 4*i. List the prime factors of j.
47
Let s = -27 + 30. Suppose -2*t = 4*u - 88, 2*t + s*u + 44 = 3*t. What are the prime factors of t?
2, 11
Let n = 259 - 199. What are the prime factors of n?
2, 3, 5
Let c(z) = 362*z**2 + z - 1. Let q be c(1). Suppose -2*s - q = -5*w, -3*w - 289 = -7*w + s. What are the prime factors of (0 - (-6)/9)*w?
2, 3
Suppose 7*o = -10*o + 40953. List the prime factors of o.
3, 11, 73
Suppose 5*v + 20 = 0, -3*a = 2*a + 3*v + 602. Let u = a + 222. What are the prime factors of u?
2, 13
What are the prime factors of 4727/7 + 2/(-7)?
3, 5
Suppose 5*b - 4*p = 12, -b - 8 = -2*b - 2*p. Let h(n) = n**3 - 2*n. List the prime factors of h(b).
2, 7
Let f = 42 - 39. Suppose -p - p - 212 = -z, 424 = 2*z - f*p. List the prime factors of z.
2, 53
Let t(p) = 34*p + 141. What are the prime factors of t(4)?
277
Let w = -397 + 942. Suppose -i = -3*y - 89, -5*i = 3*y + 2*y - w. List the prime factors of i.
2, 13
Let x(s) = -s**3 + 4*s**2 - 6*s + 7. Let v be x(3). What are the prime factors of (20/(-16) - 0)/(v/472)?
5, 59
List the prime factors of (-6)/4*(-18)/27*1103.
1103
Let a(u) = -u**2 + 8*u + 17. Let h be a(12). Suppose 2*n - 2 = 8, -415 = -5*k - n. Let x = k + h. What are the prime factors of x?
3, 17
Suppose -5*o = -786 - 9769. What are the prime factors of o?
2111
Let v(d) = -d**3 + 28*d**2 + 63*d - 10. List the prime factors of v(27).
2, 5, 11
Suppose 0 = 6*j - 0*j - 474. Suppose -7*n + j = -6*n. What are the prime factors of n?
79
Suppose 13*b - 8*b + a - 21 = 0, -b + 8 = 4*a. Suppose b*p = 5*y - 1069, -y + 421 = y + 5*p. What are the prime factors of y?
3, 71
Let v(w) = -w**2 + 13*w + 4. Let n be v(13). List the prime factors of (-73 + 1)/(n + -5).
2, 3
Let j(d) = -198*d - 73. What are the prime factors of j(-6)?
5, 223
Let m(n) = 7*n**2 + 8*n + 11. What are the prime factors of m(8)?
523
Let f = -23 - -44. Let h = f + -17. List the prime factors of h.
2
Let j(n) = -179*n + 3. Let h be 14/(-21)*(-6)/(-4). List the prime factors of j(h).
2, 7, 13
Let t(g) = -g**3 - 5*g**2 + 6*g + 6. Let x be t(-6). Suppose 6 = 4*l - x. Let o = l - -24. List the prime factors of o.
3
Suppose 16032 = -69*m + 110424. What are the prime factors of m?
2, 3, 19
Let z(m) = -m + 1. Let d be z(-1). Let f(g) = 0*g - g**3 + 8*g**d + 3*g + 4*g - 8. List the prime factors of f(8).
2, 3
Let r = -228 + 254. What are the prime factors of r?
2, 13
Suppose 185 = 3*f - 5*y, -4*f + 3*f - 3*y + 57 = 0. Suppose i = f - 11. Suppose -2*b = -i - 37. What are the prime factors of b?
43
Let z = 3081 + -706. List the prime factors of z.
5, 19
What are the prime factors of -5*(126/(-20) - -6)*326?
3, 163
Suppose -3*j - 4 = -4*j. Suppose 0 = 5*h + v + 45, -2*h = -0*h - j*v - 4. List the prime factors of 28/h*-8 + 3.
31
Let k = -6 + 22. Suppose 2*s - 6*s = -k. Suppose -220 = -s*o - 0*o. What are the prime factors of o?
5, 11
Let m(y) = -39*y**3 + y**2. Let a = 108 + -74. Let t = a + -35. List the prime factors of m(t).
2, 5
Let b = 1964 - 1173. List the prime factors of b.
7, 113
Suppose 3*w + 13 = f - 1, -3*f = -5*w - 34. Let p = f + -11. Let s = 6 - p. What are the prime factors of s?
3
Let k = 318 - 80. Suppose 4539 - k = 23*q. What are the prime factors of q?
11, 1